{"id":1384,"date":"2023-02-27T10:41:45","date_gmt":"2023-02-27T09:41:45","guid":{"rendered":"https:\/\/www.street-moto-piece.fr\/blog\/?page_id=1384"},"modified":"2023-03-13T13:31:45","modified_gmt":"2023-03-13T12:31:45","slug":"er6-n-f-2012-2015","status":"publish","type":"page","link":"https:\/\/www.street-moto-piece.fr\/blog\/fiche-entretien-moto\/kawasaki\/er6-n-f-2012-2015\/","title":{"rendered":"Guide d&#8217;entretien kawasaki er6 n et f de 2012 a 2015"},"content":{"rendered":"\t\t<div data-elementor-type=\"wp-page\" data-elementor-id=\"1384\" class=\"elementor elementor-1384\" data-elementor-post-type=\"page\">\n\t\t\t\t\t\t<section class=\"elementor-section elementor-top-section elementor-element elementor-element-c4cda27 elementor-section-boxed elementor-section-height-default elementor-section-height-default\" data-id=\"c4cda27\" data-element_type=\"section\" data-e-type=\"section\">\n\t\t\t\t\t\t<div class=\"elementor-container elementor-column-gap-default\">\n\t\t\t\t\t<div class=\"elementor-column elementor-col-100 elementor-top-column elementor-element elementor-element-384d9bf\" data-id=\"384d9bf\" data-element_type=\"column\" data-e-type=\"column\">\n\t\t\t<div class=\"elementor-widget-wrap elementor-element-populated\">\n\t\t\t\t\t\t<div class=\"elementor-element elementor-element-99d1a7f elementor-widget elementor-widget-heading\" data-id=\"99d1a7f\" data-element_type=\"widget\" data-e-type=\"widget\" data-widget_type=\"heading.default\">\n\t\t\t\t<div class=\"elementor-widget-container\">\n\t\t\t\t\t<h1 class=\"elementor-heading-title elementor-size-default\">Guide d'entretien kawasaki er6 n et f de 2012 a 2015<\/h1>\t\t\t\t<\/div>\n\t\t\t\t<\/div>\n\t\t\t\t<div class=\"elementor-element elementor-element-7cf57ec elementor-widget elementor-widget-text-editor\" data-id=\"7cf57ec\" data-element_type=\"widget\" data-e-type=\"widget\" data-widget_type=\"text-editor.default\">\n\t\t\t\t<div class=\"elementor-widget-container\">\n\t\t\t\t\t\t\t\t\t<p><strong>Street Moto Piece vous accompagne dans l&#8217;entretien courant de votre moto Kawasaki Z800 2014. Si vous effectuez des v\u00e9rifications d&#8217;usage sur les pneus, les soupapes ou le syst\u00e8me d&#8217;allumage, nous vous indiquons les r\u00e9glages et r\u00e9f\u00e9rences pour toutes les pi\u00e8ces de votre moto. En plus, pour un entretien plus pouss\u00e9, nous vous indiquons \u00e9galement la p\u00e9riodicit\u00e9 des r\u00e9visions n\u00e9cessaires pour les principales pi\u00e8ces.<\/strong><\/p><p>En cas de doute sur une pression de pneumatique ou la taille, un type de bougie et son \u00e9cartement d&#8217;\u00e9lectrode ou sur l&#8217;huile pr\u00e9conis\u00e9e ainsi que la quantit\u00e9 n\u00e9cessaire ! Retrouvez toutes les caract\u00e9ristiques pour l&#8217;entretien de votre Kawasaki\u00a0<a href=\"http:\/\/www.street-moto-piece.fr\/3434-650-er6-f-de-2005-a-2015\">ER6 F de 2012 a 2015<\/a>\u00a0et\u00a0<a href=\"http:\/\/www.street-moto-piece.fr\/308-650-er6-n-de-2005-a-2015\">ER6 N de 2012 a 2015<\/a>.<\/p>\t\t\t\t\t\t\t\t<\/div>\n\t\t\t\t<\/div>\n\t\t\t\t\t<\/div>\n\t\t<\/div>\n\t\t\t\t\t<\/div>\n\t\t<\/section>\n\t\t\t\t<section class=\"elementor-section elementor-top-section elementor-element elementor-element-5d42b96 elementor-section-boxed elementor-section-height-default elementor-section-height-default\" data-id=\"5d42b96\" data-element_type=\"section\" data-e-type=\"section\">\n\t\t\t\t\t\t<div class=\"elementor-container elementor-column-gap-default\">\n\t\t\t\t\t<div class=\"elementor-column elementor-col-100 elementor-top-column elementor-element elementor-element-dc5be51\" data-id=\"dc5be51\" data-element_type=\"column\" data-e-type=\"column\">\n\t\t\t<div class=\"elementor-widget-wrap elementor-element-populated\">\n\t\t\t\t\t\t<div class=\"elementor-element elementor-element-463b9d3 elementor-widget elementor-widget-text-editor\" data-id=\"463b9d3\" data-element_type=\"widget\" data-e-type=\"widget\" data-widget_type=\"text-editor.default\">\n\t\t\t\t<div class=\"elementor-widget-container\">\n\t\t\t\t\t\t\t\t\t<h2>Capacit\u00e9s fluides :<\/h2><div class=\"table-wrapper\"><table border=\"1\"><tbody><tr><td>Huile moteur avec filtre a huile<\/td><td>\u00a0<a href=\"https:\/\/www.street-moto-piece.fr\/huile-motul-moto\/2427-huile-moto-motul-5100-4t-10w40-4-litres-filtre-a-huile-offert-3663466021896.html\">1,8 Litres en 10w40<\/a><\/td><\/tr><tr><td>P\u00e9riodicit\u00e9 vidange moteur<\/td><td>\u00a0Tous les 12 000km ou tous les 12 mois<\/td><\/tr><tr><td>Liquide de refroidissement<\/td><td>\u00a0<a href=\"https:\/\/www.street-moto-piece.fr\/produit-d-entretien-moto-motul\/3668-motocool-expert-liquide-de-refroidissement-moto-motul-3663466034926.html\">1,2 Litres<\/a><\/td><\/tr><tr><td>P\u00e9riodicit\u00e9 vidange circuit de refroidissement<\/td><td>\u00a0A remplacer tous les 36 mois<\/td><\/tr><tr><td>Huile de fourche<\/td><td><a href=\"https:\/\/www.street-moto-piece.fr\/huile-motul-moto\/2443-huile-motul-fork-oil-expert-medium-10w-1-litre-pour-fourche-moto-3663466022053.html\">\u00a0405ml par tube en 10w<\/a><\/td><\/tr><tr><td>Remplacement liquide de frein<\/td><td>\u00a0<a href=\"https:\/\/www.street-moto-piece.fr\/produit-d-entretien-moto-motul\/3686-liquide-de-frein-motul-dot-3-4-brake-fluid-pour-moto-3663466035107.html\">A remplacer tous les 24 mois<\/a><\/td><\/tr><\/tbody><\/table><\/div><p>\u00a0<\/p><h2>Carct\u00e9ristiques et Mise au point moteur :<\/h2><div class=\"table-wrapper\"><table border=\"1\"><tbody><tr><td>Jeu aux soupapes admission a froid<\/td><td>\u00a0Entre 0,15 et 0,21<\/td><\/tr><tr><td>Jeu aux soupapes \u00e9chapement a froid<\/td><td>\u00a0Entre 0,22 et 031<\/td><\/tr><tr><td>Al\u00e9sage \/ Course<\/td><td>\u00a083mm \/ 60mm<\/td><\/tr><tr><td>Compression moteur<\/td><td>\u00a0Entre 10 et 15 bar<\/td><\/tr><tr><td>Indice d&#8217;octane minimun \/ Essence pr\u00e9conis\u00e9<\/td><td>\u00a095 \/ SP95 ( Sans plomb 95 )<\/td><\/tr><tr><td>Cylindr\u00e9e \/ Nombre de cylindre<\/td><td>\u00a0649 cm3 \/ 2 cylindre<\/td><\/tr><tr><td>Regime moteur au ralenti<\/td><td>\u00a01300 tr\/min +-50<\/td><\/tr><\/tbody><\/table><\/div><p>\u00a0<\/p><h2>Syst\u00e8me d&#8217;allumage :<\/h2><div class=\"table-wrapper\"><table border=\"1\"><tbody><tr><td>R\u00e9sistance bobine primaire<\/td><td>\u00a0Entre \u00a0et \u00a0Ohm<\/td><\/tr><tr><td>R\u00e9sistance bobine secondaire<\/td><td>\u00a0Entre \u00a0et \u00a0Ohm<\/td><\/tr><tr><td>R\u00e9sistance capteur allumage<\/td><td>\u00a0Entre \u00a0et \u00a0Ohm\u00a0<\/td><\/tr><tr><td>Bougie<\/td><td>\u00a0<a href=\"https:\/\/www.street-moto-piece.fr\/bougie-ngk-moto\/368-bougie-ngk-cr9eia9-3663466003403.html\">CR9EIA-9\u00a0<\/a><\/td><\/tr><tr><td>\u00c9cartement \u00e9lectrode bougie<\/td><td>\u00a0Entre 0,8 et 0,9<\/td><\/tr><\/tbody><\/table><\/div><p>\u00a0<\/p><h2>Syst\u00e8me de charge :<\/h2><div class=\"table-wrapper\"><table border=\"1\"><tbody><tr><td>Puissance de charge maximum<\/td><td>\u00a024A a 5000 tr\/min<\/td><\/tr><tr><td>Tension de charge<\/td><td>\u00a0Entre \u00a0et \u00a0tr\/min<\/td><\/tr><tr><td>Batterie<\/td><td>\u00a0<a href=\"https:\/\/www.street-moto-piece.fr\/batterie-moto-tecnium\/1999-batterie-moto-tecnium-bt12a-bs-yt12a-bs-3663466017653.html\">BT12A-BS<\/a>\u00a0,\u00a0<a href=\"https:\/\/www.street-moto-piece.fr\/batterie-moto-france-equipement\/367-batterie-ct12a-bs-yt12a-bs-3663466003397.html\">CT12A-BS<\/a>\u00a0,\u00a0<a href=\"https:\/\/www.street-moto-piece.fr\/batterie-moto-yuasa\/994-batterie-moto-yuasa-yt12a-bs-3663466009283.html\">YT12A-BS\u00a0<\/a><\/td><\/tr><\/tbody><\/table><\/div><p>\u00a0<\/p><h2>Carburateur :<\/h2><div class=\"table-wrapper\"><table border=\"1\"><tbody><tr><td>Carburateur<\/td><td>\u00a0<\/td><\/tr><tr><td>Gicleur principale<\/td><td>\u00a0<\/td><\/tr><tr><td>Gicleur de ralenti<\/td><td>\u00a0<\/td><\/tr><tr><td>Position de l&#8217;aiguille<\/td><td>\u00a0eme cran\u00a0<\/td><\/tr><tr><td>Vis de richesse<\/td><td>\u00a0Desserr\u00e9\u00a0de tours\u00a0<\/td><\/tr><tr><td>Niveau de cuve<\/td><td>\u00a0Entre et mm<\/td><\/tr><\/tbody><\/table><\/div><p>\u00a0<\/p><h2>Transmission \/\u00a0<a href=\"https:\/\/www.street-moto-piece.fr\/kit-chaine\/463-kit-chaine-moto-fe-pour-kawasaki-er-6n-et-f-05-17-3663466004301.html\">Kit chaine<\/a>\u00a0:<\/h2><div class=\"table-wrapper\"><table border=\"1\"><tbody><tr><td>Pas de la chaine<\/td><td>\u00a0520<\/td><\/tr><tr><td>D\u00e9multiplication<\/td><td>\u00a015 x 46\u00a0<\/td><\/tr><tr><td>Nombre de maillons<\/td><td>\u00a0114 maillons<\/td><\/tr><tr><td>Jeu tension de chaine<\/td><td>\u00a0Entre 25 et 35 mm de battement de chaine<\/td><\/tr><\/tbody><\/table><\/div><p>\u00a0<\/p><h2>Pneumatiques :<\/h2><div class=\"table-wrapper\"><table border=\"1\"><tbody><tr><td>Pneu avant<\/td><td>\u00a0120\/70 ZR-17<\/td><\/tr><tr><td>Pression pneu avant<\/td><td>\u00a02,2 bar (donn\u00e9 constructeur peu varier selon le mod\u00e8le de pneu)<\/td><\/tr><tr><td>Pneu arri\u00e8re<\/td><td>\u00a0160\/60 ZR-17<\/td><\/tr><tr><td>Pression pneu arri\u00e8re<\/td><td>\u00a02,5 bar (donn\u00e9 constructeur peu varier selon le mod\u00e8le de pneu)<\/td><\/tr><\/tbody><\/table><\/div><p>\u00a0<\/p><h2>Couples de serrage :<\/h2><div class=\"table-wrapper\"><table border=\"1\"><tbody><tr><td>Culasse<\/td><td>\u00a01ere passe 25 Nm, 2eme passe 56 Nm, ecrou M10 49 Nm, ecrou M8 28 Nm, M6 12\u00a0Nm<\/td><\/tr><tr><td>Couvre &#8211; Culasse<\/td><td>\u00a010\u00a0Nm<\/td><\/tr><tr><td>Capteur de position vilebrquin<\/td><td>\u00a06\u00a0Nm<\/td><\/tr><tr><td>Pignon arbre a cames<\/td><td>\u00a015\u00a0Nm<\/td><\/tr><tr><td>Volant magn\u00e9tique<\/td><td>\u00a0\u00a0Nm<\/td><\/tr><tr><td>Moyeu d&#8217;embrayage<\/td><td>\u00a0130\u00a0Nm<\/td><\/tr><tr><td>Bougie<\/td><td>\u00a015\u00a0Nm<\/td><\/tr><tr><td>Sonde de temp\u00e9rature<\/td><td>\u00a012\u00a0Nm<\/td><\/tr><tr><td>Sonde Lambda<\/td><td>\u00a044\u00a0Nm<\/td><\/tr><tr><td>Pignon sorti de boite<\/td><td>\u00a0125\u00a0Nm<\/td><\/tr><tr><td>Couronne<\/td><td>\u00a059\u00a0Nm<\/td><\/tr><tr><td>Etrier avant<\/td><td>\u00a034\u00a0Nm<\/td><\/tr><tr><td>Etrier arri\u00e8re<\/td><td>\u00a025\u00a0Nm<\/td><\/tr><tr><td>Axe de roue avant<\/td><td>\u00a0108\u00a0Nm<\/td><\/tr><tr><td>Axe de roue arri\u00e8re<\/td><td>\u00a0108\u00a0Nm<\/td><\/tr><tr><td>Bride axe de roue avant<\/td><td>\u00a034\u00a0Nm<\/td><\/tr><\/tbody><\/table><\/div><p>\u00a0<\/p><p>Toutes les informations sont donn\u00e9es \u00e0 titre indicatif.<\/p>\t\t\t\t\t\t\t\t<\/div>\n\t\t\t\t<\/div>\n\t\t\t\t\t<\/div>\n\t\t<\/div>\n\t\t\t\t\t<\/div>\n\t\t<\/section>\n\t\t\t\t<\/div>\n\t\t","protected":false},"excerpt":{"rendered":"<p>Guide d&#8217;entretien kawasaki er6 n et f de 2012 a 2015 Street Moto Piece vous accompagne dans l&#8217;entretien courant de votre moto Kawasaki Z800 2014. Si vous effectuez des v\u00e9rifications d&#8217;usage sur les pneus, les soupapes ou le syst\u00e8me d&#8217;allumage, nous vous indiquons les r\u00e9glages et r\u00e9f\u00e9rences pour toutes les pi\u00e8ces de votre moto. En [&hellip;]<\/p>\n","protected":false},"author":1,"featured_media":0,"parent":1236,"menu_order":0,"comment_status":"closed","ping_status":"closed","template":"","meta":{"site-sidebar-layout":"no-sidebar","site-content-layout":"page-builder","ast-site-content-layout":"","site-content-style":"default","site-sidebar-style":"default","ast-global-header-display":"","ast-banner-title-visibility":"","ast-main-header-display":"","ast-hfb-above-header-display":"","ast-hfb-below-header-display":"","ast-hfb-mobile-header-display":"","site-post-title":"disabled","ast-breadcrumbs-content":"","ast-featured-img":"disabled","footer-sml-layout":"","theme-transparent-header-meta":"","adv-header-id-meta":"","stick-header-meta":"","header-above-stick-meta":"","header-main-stick-meta":"","header-below-stick-meta":"","astra-migrate-meta-layouts":"default","ast-page-background-enabled":"default","ast-page-background-meta":{"desktop":{"background-color":"var(--ast-global-color-4)","background-image":"","background-repeat":"repeat","background-position":"center center","background-size":"auto","background-attachment":"scroll","background-type":"","background-media":"","overlay-type":"","overlay-color":"","overlay-gradient":""},"tablet":{"background-color":"","background-image":"","background-repeat":"repeat","background-position":"center center","background-size":"auto","background-attachment":"scroll","background-type":"","background-media":"","overlay-type":"","overlay-color":"","overlay-gradient":""},"mobile":{"background-color":"","background-image":"","background-repeat":"repeat","background-position":"center center","background-size":"auto","background-attachment":"scroll","background-type":"","background-media":"","overlay-type":"","overlay-color":"","overlay-gradient":""}},"ast-content-background-meta":{"desktop":{"background-color":"var(--ast-global-color-5)","background-image":"","background-repeat":"repeat","background-position":"center center","background-size":"auto","background-attachment":"scroll","background-type":"","background-media":"","overlay-type":"","overlay-color":"","overlay-gradient":""},"tablet":{"background-color":"var(--ast-global-color-5)","background-image":"","background-repeat":"repeat","background-position":"center center","background-size":"auto","background-attachment":"scroll","background-type":"","background-media":"","overlay-type":"","overlay-color":"","overlay-gradient":""},"mobile":{"background-color":"var(--ast-global-color-5)","background-image":"","background-repeat":"repeat","background-position":"center center","background-size":"auto","background-attachment":"scroll","background-type":"","background-media":"","overlay-type":"","overlay-color":"","overlay-gradient":""}},"footnotes":""},"class_list":["post-1384","page","type-page","status-publish","hentry"],"aioseo_notices":[],"_links":{"self":[{"href":"https:\/\/www.street-moto-piece.fr\/blog\/wp-json\/wp\/v2\/pages\/1384","targetHints":{"allow":["GET"]}}],"collection":[{"href":"https:\/\/www.street-moto-piece.fr\/blog\/wp-json\/wp\/v2\/pages"}],"about":[{"href":"https:\/\/www.street-moto-piece.fr\/blog\/wp-json\/wp\/v2\/types\/page"}],"author":[{"embeddable":true,"href":"https:\/\/www.street-moto-piece.fr\/blog\/wp-json\/wp\/v2\/users\/1"}],"replies":[{"embeddable":true,"href":"https:\/\/www.street-moto-piece.fr\/blog\/wp-json\/wp\/v2\/comments?post=1384"}],"version-history":[{"count":4,"href":"https:\/\/www.street-moto-piece.fr\/blog\/wp-json\/wp\/v2\/pages\/1384\/revisions"}],"predecessor-version":[{"id":1388,"href":"https:\/\/www.street-moto-piece.fr\/blog\/wp-json\/wp\/v2\/pages\/1384\/revisions\/1388"}],"up":[{"embeddable":true,"href":"https:\/\/www.street-moto-piece.fr\/blog\/wp-json\/wp\/v2\/pages\/1236"}],"wp:attachment":[{"href":"https:\/\/www.street-moto-piece.fr\/blog\/wp-json\/wp\/v2\/media?parent=1384"}],"curies":[{"name":"wp","href":"https:\/\/api.w.org\/{rel}","templated":true}]}}