{"id":1399,"date":"2023-02-27T10:49:10","date_gmt":"2023-02-27T09:49:10","guid":{"rendered":"https:\/\/www.street-moto-piece.fr\/blog\/?page_id=1399"},"modified":"2023-03-13T13:31:55","modified_gmt":"2023-03-13T12:31:55","slug":"kxf-250-2014-2016","status":"publish","type":"page","link":"https:\/\/www.street-moto-piece.fr\/blog\/fiche-entretien-moto\/kawasaki\/kxf-250-2014-2016\/","title":{"rendered":"Guide d&#8217;entretien kawasaki kxf 250 de 2014 \u00e0 2016"},"content":{"rendered":"\t\t<div data-elementor-type=\"wp-page\" data-elementor-id=\"1399\" class=\"elementor elementor-1399\" data-elementor-post-type=\"page\">\n\t\t\t\t\t\t<section class=\"elementor-section elementor-top-section elementor-element elementor-element-c4cda27 elementor-section-boxed elementor-section-height-default elementor-section-height-default\" data-id=\"c4cda27\" data-element_type=\"section\" data-e-type=\"section\">\n\t\t\t\t\t\t<div class=\"elementor-container elementor-column-gap-default\">\n\t\t\t\t\t<div class=\"elementor-column elementor-col-100 elementor-top-column elementor-element elementor-element-384d9bf\" data-id=\"384d9bf\" data-element_type=\"column\" data-e-type=\"column\">\n\t\t\t<div class=\"elementor-widget-wrap elementor-element-populated\">\n\t\t\t\t\t\t<div class=\"elementor-element elementor-element-99d1a7f elementor-widget elementor-widget-heading\" data-id=\"99d1a7f\" data-element_type=\"widget\" data-e-type=\"widget\" data-widget_type=\"heading.default\">\n\t\t\t\t<div class=\"elementor-widget-container\">\n\t\t\t\t\t<h1 class=\"elementor-heading-title elementor-size-default\">Guide d'entretien Kawasaki kxf 250 de 2014 \u00e0 2016<\/h1>\t\t\t\t<\/div>\n\t\t\t\t<\/div>\n\t\t\t\t<div class=\"elementor-element elementor-element-7cf57ec elementor-widget elementor-widget-text-editor\" data-id=\"7cf57ec\" data-element_type=\"widget\" data-e-type=\"widget\" data-widget_type=\"text-editor.default\">\n\t\t\t\t<div class=\"elementor-widget-container\">\n\t\t\t\t\t\t\t\t\t<p>En cas de doute sur une pression de pneumatique ou la taille, un type de bougie et son \u00e9cartement d&#8217;\u00e9lectrode ou sur l&#8217;huile pr\u00e9conis\u00e9e ainsi que la quantit\u00e9 n\u00e9cessaire ! Retrouvez toutes les caract\u00e9ristiques pour l&#8217;entretien de votre Kawasaki KX 250 F de 2014 \u00e0 2016 :<\/p>\t\t\t\t\t\t\t\t<\/div>\n\t\t\t\t<\/div>\n\t\t\t\t\t<\/div>\n\t\t<\/div>\n\t\t\t\t\t<\/div>\n\t\t<\/section>\n\t\t\t\t<section class=\"elementor-section elementor-top-section elementor-element elementor-element-05d4e42 elementor-section-boxed elementor-section-height-default elementor-section-height-default\" data-id=\"05d4e42\" data-element_type=\"section\" data-e-type=\"section\">\n\t\t\t\t\t\t<div class=\"elementor-container elementor-column-gap-default\">\n\t\t\t\t\t<div class=\"elementor-column elementor-col-100 elementor-top-column elementor-element elementor-element-9fc7d28\" data-id=\"9fc7d28\" data-element_type=\"column\" data-e-type=\"column\">\n\t\t\t<div class=\"elementor-widget-wrap elementor-element-populated\">\n\t\t\t\t\t\t<div class=\"elementor-element elementor-element-ad6c090 elementor-widget elementor-widget-text-editor\" data-id=\"ad6c090\" data-element_type=\"widget\" data-e-type=\"widget\" data-widget_type=\"text-editor.default\">\n\t\t\t\t<div class=\"elementor-widget-container\">\n\t\t\t\t\t\t\t\t\t<div><div><div><h2>Capacit\u00e9s fluides :<\/h2><\/div><\/div><\/div><div><div><div><div class=\"table-wrapper\"><table border=\"1\" width=\"542\"><tbody><tr><td>Huile moteur avec filtre a huile<\/td><td>\u00a00,8 Litre en\u00a0<strong><a href=\"https:\/\/www.street-moto-piece.fr\/huile-motul-moto\/2410-huile-moto-motul-300v-10w40-4-litres-factory-line-road-racing-filtre-a-huile-offert-3663466021728.html\">10W40<\/a><\/strong><\/td><\/tr><tr><td>P\u00e9riodicit\u00e9 vidange moteur<\/td><td>\u00a0<\/td><\/tr><tr><td>Liquide de refroidissement<\/td><td>\u00a0<strong><a href=\"https:\/\/www.street-moto-piece.fr\/produit-d-entretien-moto-motul\/3667-motocool-factory-line-liquide-de-refroidissement-moto-motul-haute-performance-3663466034919.html\">1,2 Litres<\/a><\/strong><\/td><\/tr><tr><td>P\u00e9riodicit\u00e9 vidange circuit de refroidissement<\/td><td>\u00a0<\/td><\/tr><tr><td>Huile de fourche<\/td><td>\u00a0FD=330\/223 cm\u00b3 FT=300\/- cm\u00b3 \/\u00a0Showa SS-19<\/td><\/tr><tr><td>Remplacement liquide de frein<\/td><td>\u00a0<\/td><\/tr><\/tbody><\/table><\/div><\/div><\/div><\/div><div><div><div><p>\u00a0<\/p><\/div><\/div><\/div><div><div><div><h2>Caract\u00e9ristiques et Mise au point moteur :<\/h2><\/div><\/div><\/div><div><div><div><div class=\"table-wrapper\"><table border=\"1\" width=\"543\"><tbody><tr><td>Jeu aux soupapes admission<\/td><td>\u00a0Entre 0,10 et 0,15 mm\u00a0<\/td><\/tr><tr><td>Jeu aux soupapes \u00e9chappement<\/td><td>\u00a0Entre 0,17 et 0,22 mm<\/td><\/tr><tr><td>Al\u00e9sage \/ Course<\/td><td>\u00a077 mm \/ 53,6 mm\u00a0<\/td><\/tr><tr><td>Compression moteur<\/td><td>\u00a0<\/td><\/tr><tr><td>Indice d&#8217;octane minimum \/ Essence pr\u00e9conis\u00e9<\/td><td>\u00a095 \/ SP95 (Sans Plomb 95)<\/td><\/tr><tr><td>Cylindr\u00e9e \/ Nombre de cylindre<\/td><td>\u00a0249 cm3 \/ 1 cylindre<\/td><\/tr><tr><td>R\u00e9gime moteur au ralenti<\/td><td>\u00a02050 tr\/min +-50<\/td><\/tr><\/tbody><\/table><\/div><\/div><\/div><\/div><div><div><div><p>\u00a0<\/p><\/div><\/div><\/div><div><div><div><h2>Syst\u00e8me d&#8217;allumage :<\/h2><\/div><\/div><\/div><div><div><div><div class=\"table-wrapper\"><table border=\"1\" width=\"542\"><tbody><tr><td>R\u00e9sistance bobine primaire<\/td><td>\u00a0Entre 0,28 et 0,38 Ohm\u00a0<\/td><\/tr><tr><td>R\u00e9sistance bobine secondaire<\/td><td>\u00a0Entre 7650 et 10400 Ohm<\/td><\/tr><tr><td>R\u00e9sistance capteur allumage<\/td><td>\u00a0<\/td><\/tr><tr><td>Bougie<\/td><td>\u00a0<strong><a href=\"https:\/\/www.street-moto-piece.fr\/bougie-ngk-moto\/756-bougie-ngk-cpr8eb9-3663466007081.html\">NGK\u00a0CPR8EB-9<\/a><\/strong><\/td><\/tr><tr><td>\u00c9cartement \u00e9lectrode bougie<\/td><td>\u00a0Entre 0,8 et 0,9 mm<\/td><\/tr><\/tbody><\/table><\/div><\/div><\/div><\/div><div><div><div><p>\u00a0<\/p><\/div><\/div><\/div><div><div><div><h2>Syst\u00e8me de charge :<\/h2><\/div><\/div><\/div><div><div><div><div class=\"table-wrapper\"><table border=\"1\" width=\"542\"><tbody><tr><td>Puissance de charge maximum<\/td><td>\u00a0<\/td><\/tr><tr><td>Tension de charge<\/td><td>\u00a0<\/td><\/tr><tr><td>Batterie<\/td><td>\u00a0<\/td><\/tr><\/tbody><\/table><\/div><\/div><\/div><\/div><div><div><div><p>\u00a0<\/p><\/div><\/div><\/div><div><div><div><h2>Carburateur :<\/h2><\/div><\/div><\/div><div><div><div><div class=\"table-wrapper\"><table border=\"1\" width=\"544\"><tbody><tr><td>Carburateur<\/td><td>Keihin\u00a0<\/td><\/tr><tr><td>Gicleur principale<\/td><td>\u00a0<\/td><\/tr><tr><td>Gicleur de ralenti<\/td><td>\u00a0<\/td><\/tr><tr><td>Position de l&#8217;aiguille<\/td><td>\u00a0<\/td><\/tr><tr><td>Vis de richesse<\/td><td>\u00a0<\/td><\/tr><tr><td>Niveau de cuve<\/td><td>\u00a0<\/td><\/tr><\/tbody><\/table><\/div><\/div><\/div><\/div><div><div><div><p>\u00a0<\/p><\/div><\/div><\/div><div><div><div><h2>Transmission \/\u00a0<strong><a href=\"https:\/\/www.street-moto-piece.fr\/kit-chaine-moto-cross\/22629-kit-chaine-renforce-did-pbr-pour-kawasaki-kx250f-13-18-3663466230076.html\">Kit cha\u00eene<\/a><\/strong>\u00a0:<\/h2><\/div><\/div><\/div><div><div><div><div class=\"table-wrapper\"><table border=\"1\" width=\"545\"><tbody><tr><td>Pas de la chaine<\/td><td>\u00a0520\u00a0<\/td><\/tr><tr><td>D\u00e9multiplication<\/td><td>\u00a013&#215;50<\/td><\/tr><tr><td>Nombre de maillons<\/td><td>\u00a0114 maillons<\/td><\/tr><tr><td>Jeu tension de chaine<\/td><td>\u00a0Entre 52 et 58 mm de battement de cha\u00eene\u00a0<\/td><\/tr><\/tbody><\/table><\/div><\/div><\/div><\/div><div><div><div><p>\u00a0<\/p><\/div><\/div><\/div><div><div><div><h2>Pneumatiques :<\/h2><\/div><\/div><\/div><div><div><div><div class=\"table-wrapper\"><table border=\"1\" width=\"545\"><tbody><tr><td>Pneu avant<\/td><td>\u00a080\/100-21 51M\u00a0<\/td><\/tr><tr><td>Pression pneu avant<\/td><td>\u00a01,0 bar\u00a0(donn\u00e9 constructeur peu varier selon le mod\u00e8le de pneu)<\/td><\/tr><tr><td>Pneu arri\u00e8re<\/td><td>\u00a0100\/90-19 57M<\/td><\/tr><tr><td>Pression pneu arri\u00e8re<\/td><td>\u00a01,0 bar\u00a0(donn\u00e9 constructeur peu varier selon le mod\u00e8le de pneu)<\/td><\/tr><\/tbody><\/table><\/div><\/div><\/div><\/div><div><div><div><p>\u00a0<\/p><\/div><\/div><\/div><div><div><div><h2>Couples de serrage :<\/h2><\/div><\/div><\/div><div><div><div><div class=\"table-wrapper\"><table border=\"1\" width=\"546\"><tbody><tr><td>Culasse<\/td><td><p>\u00a01ere passe 20 Nm<\/p><p>2e passe 49\u00a0Nm<\/p><p>3e passe M6=12\u00a0Nm<\/p><\/td><\/tr><tr><td>Couvre &#8211; Culasse<\/td><td>\u00a010\u00a0Nm<\/td><\/tr><tr><td>Palier arbre a cames<\/td><td>\u00a0<\/td><\/tr><tr><td>Pignon arbre a cames<\/td><td>\u00a0<\/td><\/tr><tr><td>Volant magn\u00e9tique<\/td><td>\u00a078\u00a0Nm<\/td><\/tr><tr><td>Moyeu d&#8217;embrayage<\/td><td>\u00a098 Nm Utiliser des \u00e9crous\/boulons neufs.<\/td><\/tr><tr><td>Bougie<\/td><td>\u00a013 Nm<\/td><\/tr><tr><td>Sonde de temp\u00e9rature<\/td><td>\u00a012\u00a0Nm<\/td><\/tr><tr><td>Sonde Lambda<\/td><td>\u00a0<\/td><\/tr><tr><td>Pignon sorti de boite<\/td><td>\u00a034\u00a0Nm<\/td><\/tr><tr><td>Couronne<\/td><td>\u00a0<\/td><\/tr><tr><td>Etrier avant<\/td><td>\u00a025\u00a0Nm<\/td><\/tr><tr><td>Etrier arri\u00e8re<\/td><td>\u00a027\u00a0Nm<\/td><\/tr><tr><td>Axe de roue avant<\/td><td>\u00a078\u00a0Nm<\/td><\/tr><tr><td>Axe de roue arri\u00e8re<\/td><td>\u00a0108\u00a0Nm<\/td><\/tr><tr><td>Bride axe de roue avant<\/td><td>\u00a020\u00a0Nm<\/td><\/tr><\/tbody><\/table><\/div><\/div><\/div><\/div><div><div><div><p>\u00a0<\/p><\/div><\/div><\/div><div><div><div><p>Toutes les informations sont donn\u00e9es \u00e0 titre indicatif.<\/p><\/div><\/div><\/div>\t\t\t\t\t\t\t\t<\/div>\n\t\t\t\t<\/div>\n\t\t\t\t\t<\/div>\n\t\t<\/div>\n\t\t\t\t\t<\/div>\n\t\t<\/section>\n\t\t\t\t<\/div>\n\t\t","protected":false},"excerpt":{"rendered":"<p>Guide d&#8217;entretien Kawasaki kxf 250 de 2014 \u00e0 2016 En cas de doute sur une pression de pneumatique ou la taille, un type de bougie et son \u00e9cartement d&#8217;\u00e9lectrode ou sur l&#8217;huile pr\u00e9conis\u00e9e ainsi que la quantit\u00e9 n\u00e9cessaire ! Retrouvez toutes les caract\u00e9ristiques pour l&#8217;entretien de votre Kawasaki KX 250 F de 2014 \u00e0 2016 [&hellip;]<\/p>\n","protected":false},"author":1,"featured_media":0,"parent":1236,"menu_order":0,"comment_status":"closed","ping_status":"closed","template":"","meta":{"site-sidebar-layout":"no-sidebar","site-content-layout":"page-builder","ast-site-content-layout":"","site-content-style":"default","site-sidebar-style":"default","ast-global-header-display":"","ast-banner-title-visibility":"","ast-main-header-display":"","ast-hfb-above-header-display":"","ast-hfb-below-header-display":"","ast-hfb-mobile-header-display":"","site-post-title":"disabled","ast-breadcrumbs-content":"","ast-featured-img":"disabled","footer-sml-layout":"","theme-transparent-header-meta":"","adv-header-id-meta":"","stick-header-meta":"","header-above-stick-meta":"","header-main-stick-meta":"","header-below-stick-meta":"","astra-migrate-meta-layouts":"default","ast-page-background-enabled":"default","ast-page-background-meta":{"desktop":{"background-color":"var(--ast-global-color-4)","background-image":"","background-repeat":"repeat","background-position":"center center","background-size":"auto","background-attachment":"scroll","background-type":"","background-media":"","overlay-type":"","overlay-color":"","overlay-gradient":""},"tablet":{"background-color":"","background-image":"","background-repeat":"repeat","background-position":"center center","background-size":"auto","background-attachment":"scroll","background-type":"","background-media":"","overlay-type":"","overlay-color":"","overlay-gradient":""},"mobile":{"background-color":"","background-image":"","background-repeat":"repeat","background-position":"center center","background-size":"auto","background-attachment":"scroll","background-type":"","background-media":"","overlay-type":"","overlay-color":"","overlay-gradient":""}},"ast-content-background-meta":{"desktop":{"background-color":"var(--ast-global-color-5)","background-image":"","background-repeat":"repeat","background-position":"center center","background-size":"auto","background-attachment":"scroll","background-type":"","background-media":"","overlay-type":"","overlay-color":"","overlay-gradient":""},"tablet":{"background-color":"var(--ast-global-color-5)","background-image":"","background-repeat":"repeat","background-position":"center center","background-size":"auto","background-attachment":"scroll","background-type":"","background-media":"","overlay-type":"","overlay-color":"","overlay-gradient":""},"mobile":{"background-color":"var(--ast-global-color-5)","background-image":"","background-repeat":"repeat","background-position":"center center","background-size":"auto","background-attachment":"scroll","background-type":"","background-media":"","overlay-type":"","overlay-color":"","overlay-gradient":""}},"footnotes":""},"class_list":["post-1399","page","type-page","status-publish","hentry"],"aioseo_notices":[],"_links":{"self":[{"href":"https:\/\/www.street-moto-piece.fr\/blog\/wp-json\/wp\/v2\/pages\/1399","targetHints":{"allow":["GET"]}}],"collection":[{"href":"https:\/\/www.street-moto-piece.fr\/blog\/wp-json\/wp\/v2\/pages"}],"about":[{"href":"https:\/\/www.street-moto-piece.fr\/blog\/wp-json\/wp\/v2\/types\/page"}],"author":[{"embeddable":true,"href":"https:\/\/www.street-moto-piece.fr\/blog\/wp-json\/wp\/v2\/users\/1"}],"replies":[{"embeddable":true,"href":"https:\/\/www.street-moto-piece.fr\/blog\/wp-json\/wp\/v2\/comments?post=1399"}],"version-history":[{"count":4,"href":"https:\/\/www.street-moto-piece.fr\/blog\/wp-json\/wp\/v2\/pages\/1399\/revisions"}],"predecessor-version":[{"id":1403,"href":"https:\/\/www.street-moto-piece.fr\/blog\/wp-json\/wp\/v2\/pages\/1399\/revisions\/1403"}],"up":[{"embeddable":true,"href":"https:\/\/www.street-moto-piece.fr\/blog\/wp-json\/wp\/v2\/pages\/1236"}],"wp:attachment":[{"href":"https:\/\/www.street-moto-piece.fr\/blog\/wp-json\/wp\/v2\/media?parent=1399"}],"curies":[{"name":"wp","href":"https:\/\/api.w.org\/{rel}","templated":true}]}}