{"id":1511,"date":"2023-03-13T13:53:32","date_gmt":"2023-03-13T12:53:32","guid":{"rendered":"https:\/\/www.street-moto-piece.fr\/blog\/?page_id=1511"},"modified":"2023-03-13T13:54:01","modified_gmt":"2023-03-13T12:54:01","slug":"mt07-2016-2019","status":"publish","type":"page","link":"https:\/\/www.street-moto-piece.fr\/blog\/fiche-entretien-moto\/yamaha\/mt07-2016-2019\/","title":{"rendered":"Guide d&#8217;Entretien Yamaha MT 07 de 2016 \u00e0 2019"},"content":{"rendered":"\t\t<div data-elementor-type=\"wp-page\" data-elementor-id=\"1511\" class=\"elementor elementor-1511\" data-elementor-post-type=\"page\">\n\t\t\t\t\t\t<section class=\"elementor-section elementor-top-section elementor-element elementor-element-c4cda27 elementor-section-boxed elementor-section-height-default elementor-section-height-default\" data-id=\"c4cda27\" data-element_type=\"section\" data-e-type=\"section\">\n\t\t\t\t\t\t<div class=\"elementor-container elementor-column-gap-default\">\n\t\t\t\t\t<div class=\"elementor-column elementor-col-100 elementor-top-column elementor-element elementor-element-384d9bf\" data-id=\"384d9bf\" data-element_type=\"column\" data-e-type=\"column\">\n\t\t\t<div class=\"elementor-widget-wrap elementor-element-populated\">\n\t\t\t\t\t\t<div class=\"elementor-element elementor-element-99d1a7f elementor-widget elementor-widget-heading\" data-id=\"99d1a7f\" data-element_type=\"widget\" data-e-type=\"widget\" data-widget_type=\"heading.default\">\n\t\t\t\t<div class=\"elementor-widget-container\">\n\t\t\t\t\t<h1 class=\"elementor-heading-title elementor-size-default\">Guide d'Entretien Yamaha MT 07 de 2016 \u00e0 2019<\/h1>\t\t\t\t<\/div>\n\t\t\t\t<\/div>\n\t\t\t\t<div class=\"elementor-element elementor-element-7cf57ec elementor-widget elementor-widget-text-editor\" data-id=\"7cf57ec\" data-element_type=\"widget\" data-e-type=\"widget\" data-widget_type=\"text-editor.default\">\n\t\t\t\t<div class=\"elementor-widget-container\">\n\t\t\t\t\t\t\t\t\t<p><strong>Pour r\u00e9ussir la maintenance r\u00e9guli\u00e8re de votre Yamaha MT07 de 2016 \u00e0 2019, n\u2019h\u00e9sitez pas \u00e0 consulter notre guide d\u2019entretien. Vous trouverez entres autres les r\u00e9glages pour les couples de serrage, la pression des pneus, la quantit\u00e9 de liquide de refroidissement\u2026 Toutes les caract\u00e9ristiques techniques adapt\u00e9e \u00e0 votre moto pour r\u00e9aliser un maximum d\u2019op\u00e9rations soi-m\u00eame comme un professionnel et faire un maximum d\u2019\u00e9conomies.<\/strong><\/p><p>En cas de doute sur une pression de pneumatique ou la taille, un type de bougie et son \u00e9cartement d&#8217;\u00e9lectrode ou sur l&#8217;huile pr\u00e9conis\u00e9e ainsi que la quantit\u00e9 n\u00e9cessaire ! Retrouvez toutes les caract\u00e9ristiques pour l&#8217;entretien de votre\u00a0<a href=\"https:\/\/www.street-moto-piece.fr\/4029-mt-07-de-2017-a-2019\">moto Yamaha MT-07<\/a>.<\/p>\t\t\t\t\t\t\t\t<\/div>\n\t\t\t\t<\/div>\n\t\t\t\t\t<\/div>\n\t\t<\/div>\n\t\t\t\t\t<\/div>\n\t\t<\/section>\n\t\t\t\t<section class=\"elementor-section elementor-top-section elementor-element elementor-element-b637c9f elementor-section-boxed elementor-section-height-default elementor-section-height-default\" data-id=\"b637c9f\" data-element_type=\"section\" data-e-type=\"section\">\n\t\t\t\t\t\t<div class=\"elementor-container elementor-column-gap-default\">\n\t\t\t\t\t<div class=\"elementor-column elementor-col-100 elementor-top-column elementor-element elementor-element-beac38e\" data-id=\"beac38e\" data-element_type=\"column\" data-e-type=\"column\">\n\t\t\t<div class=\"elementor-widget-wrap elementor-element-populated\">\n\t\t\t\t\t\t<div class=\"elementor-element elementor-element-50858f9 elementor-widget elementor-widget-text-editor\" data-id=\"50858f9\" data-element_type=\"widget\" data-e-type=\"widget\" data-widget_type=\"text-editor.default\">\n\t\t\t\t<div class=\"elementor-widget-container\">\n\t\t\t\t\t\t\t\t\t<h2>Capacit\u00e9s fluides :<\/h2><div class=\"table-wrapper\"><table border=\"1\"><tbody><tr><td>Huile moteur avec filtre a huile<\/td><td>\u00a0<a href=\"https:\/\/www.street-moto-piece.fr\/huile-moto\/2427-huile-moto-motul-5100-4t-10w40-4-litres-filtre-a-huile-offert-3663466021896.html\">2.6 litres en 10W40\u00a0<\/a><\/td><\/tr><tr><td>P\u00e9riodicit\u00e9 vidange moteur<\/td><td>\u00a0Tous les 10 000 km ou tous les 12 mois<\/td><\/tr><tr><td>Liquide de refroidissement<\/td><td>\u00a0<a href=\"https:\/\/www.street-moto-piece.fr\/produit-d-entretien-moto\/3668-motocool-expert-liquide-de-refroidissement-moto-motul-3663466034926.html\">1.85 litres<\/a><\/td><\/tr><tr><td>P\u00e9riodicit\u00e9 vidange circuit de refroidissement<\/td><td>\u00a0A remplacer tous les 36 mois<\/td><\/tr><tr><td>Huile de fourche<\/td><td><p>Capacit\u00e9 : 405 cm3<\/p><p>Niveau d&#8217;huile : 160mm<\/p><p>Viscosit\u00e9 : 10W<\/p><\/td><\/tr><tr><td>Remplacement liquide de frein<\/td><td>\u00a0<\/td><\/tr><\/tbody><\/table><\/div><p>\u00a0<\/p><h2>Caract\u00e9ristiques et Mise au point moteur :<\/h2><div class=\"table-wrapper\"><table border=\"1\"><tbody><tr><td>Jeu aux soupapes admission<\/td><td>\u00a0Entre 0,11 et 0,20\u00a0<\/td><\/tr><tr><td>Jeu aux soupapes \u00e9chappement<\/td><td>\u00a0Entre 0,24 et 0,30\u00a0<\/td><\/tr><tr><td>Al\u00e9sage \/ Course<\/td><td>\u00a080 \/ 68,6 mm<\/td><\/tr><tr><td>Compression moteur<\/td><td>\u00a0<\/td><\/tr><tr><td>Indice d&#8217;octane minimum \/ Essence pr\u00e9conis\u00e9<\/td><td>\u00a095 \/ SP95 ( Sans plomb 95 )<\/td><\/tr><tr><td>Cylindr\u00e9e \/ Nombre de cylindre<\/td><td>\u00a0689\u00a0cm3 \/ 2 cylindre<\/td><\/tr><tr><td>R\u00e9gime moteur au ralenti<\/td><td>\u00a0<\/td><\/tr><\/tbody><\/table><\/div><p>\u00a0<\/p><h2>Syst\u00e8me d&#8217;allumage :<\/h2><div class=\"table-wrapper\"><table border=\"1\"><tbody><tr><td>R\u00e9sistance bobine primaire<\/td><td>\u00a0Entre 1.19 et 1.61 Ohm\u00a0<\/td><\/tr><tr><td>R\u00e9sistance bobine secondaire<\/td><td>\u00a0Entre 8500 et 11500 Ohm\u00a0<\/td><\/tr><tr><td>R\u00e9sistance capteur allumage<\/td><td>\u00a0Entre 228 et 342 Ohm<\/td><\/tr><tr><td>Bougie<\/td><td>\u00a0<a href=\"https:\/\/www.street-moto-piece.fr\/bougie-ngk-moto-scooter-quad\/4506-bougie-ngk-lmar8a-9-3663466043133.html\">NGK\u00a0LMAR8A-9<\/a><\/td><\/tr><tr><td>\u00c9cartement \u00e9lectrode bougie<\/td><td>\u00a0Entre 0.8 et 0.9 mm<\/td><\/tr><\/tbody><\/table><\/div><p>\u00a0<\/p><h2>Syst\u00e8me de charge :<\/h2><div class=\"table-wrapper\"><table border=\"1\"><tbody><tr><td>Puissance de charge maximum<\/td><td>\u00a0<\/td><\/tr><tr><td>Tension de charge<\/td><td>\u00a0<\/td><\/tr><tr><td>Batterie<\/td><td>\u00a0<a href=\"https:\/\/www.street-moto-piece.fr\/batterie-moto-france-equipement\/364-batterie-ctz10s-ytz10s-3663466001775.html\">YTZ10S<\/a><a href=\"https:\/\/www.street-moto-piece.fr\/batterie-moto-france-equipement\/364-batterie-ctz10s-ytz10s-3663466001775.html\">\u00a0<\/a><\/td><\/tr><\/tbody><\/table><\/div><p>\u00a0<\/p><h2>Carburateur :<\/h2><div class=\"table-wrapper\"><table border=\"1\"><tbody><tr><td>Carburateur<\/td><td>\u00a0Denso\u00a0TBDFS2\/TBDFU1\u00a0<\/td><\/tr><tr><td>Gicleur principale<\/td><td>\u00a0<\/td><\/tr><tr><td>Gicleur de ralenti<\/td><td>\u00a0<\/td><\/tr><tr><td>Position de l&#8217;aiguille<\/td><td>\u00a0<\/td><\/tr><tr><td>Vis de richesse<\/td><td>\u00a0<\/td><\/tr><tr><td>Niveau de cuve<\/td><td>\u00a0<\/td><\/tr><\/tbody><\/table><\/div><p>\u00a0<\/p><h2>Transmission \/ Kit cha\u00eene :<\/h2><div class=\"table-wrapper\"><table border=\"1\"><tbody><tr><td>Pas de la chaine<\/td><td>\u00a0<\/td><\/tr><tr><td>D\u00e9multiplication<\/td><td>\u00a016&#215;43<\/td><\/tr><tr><td>Nombre de maillons<\/td><td>\u00a0108 maillons\u00a0<\/td><\/tr><tr><td>Jeu tension de chaine<\/td><td>\u00a0Entre 51 et 56 mm de battement de chaine<\/td><\/tr><\/tbody><\/table><\/div><p>\u00a0<\/p><h2>Pneumatiques :<\/h2><div class=\"table-wrapper\"><table border=\"1\"><tbody><tr><td>Pneu avant<\/td><td>\u00a0120\/70 ZR-17 58W<\/td><\/tr><tr><td>Pression pneu avant<\/td><td>\u00a02.3\u00a0bar (donn\u00e9 constructeur peu varier selon le mod\u00e8le de pneu)<\/td><\/tr><tr><td>Pneu arri\u00e8re<\/td><td>\u00a0180\/55 ZR-17 73W<\/td><\/tr><tr><td>Pression pneu arri\u00e8re<\/td><td>\u00a02.5 bar (donn\u00e9 constructeur peu varier selon le mod\u00e8le de pneu)<\/td><\/tr><\/tbody><\/table><\/div><p>\u00a0<\/p><h2>Couples de serrage :<\/h2><div class=\"table-wrapper\"><table border=\"1\"><tbody><tr><td>Culasse<\/td><td><p>1re passe : 10 Nm<\/p><p>2e passe : 40 Nm<\/p><p>3e passe : Desserrer\u00a0<\/p><p>4e passe 20 Nm<\/p><p>5e passe 90\u00b0<\/p><p>6e passe : M6 = 10 Nm\u00a0<\/p><\/td><\/tr><tr><td>Couvre &#8211; Culasse<\/td><td>\u00a010 Nm<\/td><\/tr><tr><td>Palier arbre a cames<\/td><td>\u00a0<\/td><\/tr><tr><td>Pignon arbre a cames<\/td><td>\u00a024 Nm<\/td><\/tr><tr><td>Volant magn\u00e9tique<\/td><td>\u00a070 Nm<\/td><\/tr><tr><td>Moyeu d&#8217;embrayage<\/td><td>\u00a095 Nm<\/td><\/tr><tr><td>Bougie<\/td><td>\u00a013 Nm<\/td><\/tr><tr><td>Sonde de temp\u00e9rature<\/td><td>\u00a016 Nm<\/td><\/tr><tr><td>Sonde Lambda<\/td><td>\u00a025 Nm<\/td><\/tr><tr><td>Pignon sorti de boite<\/td><td><p>\u00a0Avant : 95 Nm<\/p><p>Arri\u00e8re : 80 Nm<\/p><\/td><\/tr><tr><td>Couronne<\/td><td>\u00a08 Nm<\/td><\/tr><tr><td>Etrier avant<\/td><td>\u00a040 Nm<\/td><\/tr><tr><td>Etrier arri\u00e8re<\/td><td>\u00a0F=27 Nm R=22 Nm<\/td><\/tr><tr><td>Axe de roue avant<\/td><td>\u00a065 Nm<\/td><\/tr><tr><td>Axe de roue arri\u00e8re<\/td><td>\u00a0105 Nm<\/td><\/tr><tr><td>Bride axe de roue avant<\/td><td>\u00a023 Nm<\/td><\/tr><\/tbody><\/table><\/div><p>\u00a0<\/p><p>Toutes les informations sont donn\u00e9es \u00e0 titre indicatif.<\/p>\t\t\t\t\t\t\t\t<\/div>\n\t\t\t\t<\/div>\n\t\t\t\t\t<\/div>\n\t\t<\/div>\n\t\t\t\t\t<\/div>\n\t\t<\/section>\n\t\t\t\t<\/div>\n\t\t","protected":false},"excerpt":{"rendered":"<p>Guide d&#8217;Entretien Yamaha MT 07 de 2016 \u00e0 2019 Pour r\u00e9ussir la maintenance r\u00e9guli\u00e8re de votre Yamaha MT07 de 2016 \u00e0 2019, n\u2019h\u00e9sitez pas \u00e0 consulter notre guide d\u2019entretien. Vous trouverez entres autres les r\u00e9glages pour les couples de serrage, la pression des pneus, la quantit\u00e9 de liquide de refroidissement\u2026 Toutes les caract\u00e9ristiques techniques adapt\u00e9e [&hellip;]<\/p>\n","protected":false},"author":1,"featured_media":0,"parent":1246,"menu_order":0,"comment_status":"closed","ping_status":"closed","template":"","meta":{"site-sidebar-layout":"no-sidebar","site-content-layout":"page-builder","ast-site-content-layout":"","site-content-style":"default","site-sidebar-style":"default","ast-global-header-display":"","ast-banner-title-visibility":"","ast-main-header-display":"","ast-hfb-above-header-display":"","ast-hfb-below-header-display":"","ast-hfb-mobile-header-display":"","site-post-title":"disabled","ast-breadcrumbs-content":"","ast-featured-img":"disabled","footer-sml-layout":"","theme-transparent-header-meta":"","adv-header-id-meta":"","stick-header-meta":"","header-above-stick-meta":"","header-main-stick-meta":"","header-below-stick-meta":"","astra-migrate-meta-layouts":"default","ast-page-background-enabled":"default","ast-page-background-meta":{"desktop":{"background-color":"var(--ast-global-color-4)","background-image":"","background-repeat":"repeat","background-position":"center center","background-size":"auto","background-attachment":"scroll","background-type":"","background-media":"","overlay-type":"","overlay-color":"","overlay-gradient":""},"tablet":{"background-color":"","background-image":"","background-repeat":"repeat","background-position":"center center","background-size":"auto","background-attachment":"scroll","background-type":"","background-media":"","overlay-type":"","overlay-color":"","overlay-gradient":""},"mobile":{"background-color":"","background-image":"","background-repeat":"repeat","background-position":"center center","background-size":"auto","background-attachment":"scroll","background-type":"","background-media":"","overlay-type":"","overlay-color":"","overlay-gradient":""}},"ast-content-background-meta":{"desktop":{"background-color":"var(--ast-global-color-5)","background-image":"","background-repeat":"repeat","background-position":"center center","background-size":"auto","background-attachment":"scroll","background-type":"","background-media":"","overlay-type":"","overlay-color":"","overlay-gradient":""},"tablet":{"background-color":"var(--ast-global-color-5)","background-image":"","background-repeat":"repeat","background-position":"center center","background-size":"auto","background-attachment":"scroll","background-type":"","background-media":"","overlay-type":"","overlay-color":"","overlay-gradient":""},"mobile":{"background-color":"var(--ast-global-color-5)","background-image":"","background-repeat":"repeat","background-position":"center center","background-size":"auto","background-attachment":"scroll","background-type":"","background-media":"","overlay-type":"","overlay-color":"","overlay-gradient":""}},"footnotes":""},"class_list":["post-1511","page","type-page","status-publish","hentry"],"aioseo_notices":[],"_links":{"self":[{"href":"https:\/\/www.street-moto-piece.fr\/blog\/wp-json\/wp\/v2\/pages\/1511","targetHints":{"allow":["GET"]}}],"collection":[{"href":"https:\/\/www.street-moto-piece.fr\/blog\/wp-json\/wp\/v2\/pages"}],"about":[{"href":"https:\/\/www.street-moto-piece.fr\/blog\/wp-json\/wp\/v2\/types\/page"}],"author":[{"embeddable":true,"href":"https:\/\/www.street-moto-piece.fr\/blog\/wp-json\/wp\/v2\/users\/1"}],"replies":[{"embeddable":true,"href":"https:\/\/www.street-moto-piece.fr\/blog\/wp-json\/wp\/v2\/comments?post=1511"}],"version-history":[{"count":4,"href":"https:\/\/www.street-moto-piece.fr\/blog\/wp-json\/wp\/v2\/pages\/1511\/revisions"}],"predecessor-version":[{"id":1515,"href":"https:\/\/www.street-moto-piece.fr\/blog\/wp-json\/wp\/v2\/pages\/1511\/revisions\/1515"}],"up":[{"embeddable":true,"href":"https:\/\/www.street-moto-piece.fr\/blog\/wp-json\/wp\/v2\/pages\/1246"}],"wp:attachment":[{"href":"https:\/\/www.street-moto-piece.fr\/blog\/wp-json\/wp\/v2\/media?parent=1511"}],"curies":[{"name":"wp","href":"https:\/\/api.w.org\/{rel}","templated":true}]}}